) = 4*a(m) + 3*y(m). Is x(8) prime?
False
Suppose -4*c - t = -25, -4*c - 10 + 5 = -5*t. Suppose -c*a + 327 + 128 = 0. Is a prime?
False
Let g = -124 + -50. Let u = 91 - g. Is u composite?
True
Let i(q) = 3*q**2 + 102*q - 32. Is i(13) composite?
False
Let a = -15279 - -23068. Is a a composite number?
False
Suppose -4*t + 16688 = -3*t + 5*p, 0 = -2*t - 5*p + 33361. Is t prime?
True
Let c(n) = 4*n**3 - n**2 + n. Let y be c(1). Suppose 0 = -3*l - 4*q + 71, -y*l = -3*l - 5*q + 8. Suppose 39 = 3*u - b, 2*u - u - l = -b. Is u composite?
True
Suppose 5*v - v - 3*z = 16, v + 5*z + 19 = 0. Let c(q) = 3*q. Is c(v) a prime number?
True
Suppose 3 = -4*c + 3*t, -2*t + 18 = c + t. Suppose c*k = -2*k + 25. Suppose -274 = -k*p - y, -4*p - y + 6*y = -225. Is p prime?
False
Let y(k) be the second derivative of -k**5/10 + 5*k**4/6 + k**2/2 - k. Is y(-9) a composite number?
False
Suppose 6*x - 4*x = -70. Let g be (2 - 63)*(0 + -1). Let q = g + x. Is q a composite number?
True
Suppose -6*k = -3*k. Suppose -4*u + 121 + 315 = k. Is u composite?
False
Suppose 5*z + 4*v = 13, -5*z - 5*v = 2 - 12. Let i(p) = z*p + 16 + 13*p**2 + 0*p**2 - 7*p**2. Is i(11) prime?
True
Suppose 1177 = 128*c - 127*c. Is c a prime number?
False
Suppose -747 = z - 2440. Is z a prime number?
True
Let p be 5/(-2) - 139269/6. Is p/(-22) - 10/55 a composite number?
True
Suppose -3*q + 13959 = 2568. Let a = -1744 + q. Is a composite?
False
Let j(y) = 5*y + 13. Suppose -d + 17 + 17 = 0. Let w = d - 28. Is j(w) prime?
True
Let x(o) = -o + 838. Suppose 7*u = u. Is x(u) composite?
True
Let s = 36 - 42. Let a(z) = -9*z**3 + 6*z**2 + 2*z + 5. Is a(s) a prime number?
True
Let q(r) = 5*r**3 - 2*r**2 - 3. Let g = -10 + 14. Let b be q(g). Suppose 8*t - b = 3*t - 5*i, -3*t - i + 163 = 0. Is t prime?
True
Is (8 + -10)/(3/((-1119)/2)) a prime number?
True
Let n = 36129 + -20042. Is n a composite number?
False
Suppose -t - 3*k + 4 - 3 = 0, 4*k = 5*t - 24. Suppose -7 = -t*g + g + 4*f, 5 = -3*g + f. Is (g - -2)*(-2 - 339) a prime number?
False
Let c(z) = -z**3 + 9*z**2 + 4*z + 27. Let b(g) = 1. Let y(k) = 4*b(k) + c(k). Is y(8) a prime number?
True
Suppose 5872 = -7*u + 23*u. Is u a composite number?
False
Suppose -302*t + 291*t + 17105 = 0. Is t prime?
False
Let z(q) = -48*q**2 - 5*q + 2. Let i be z(4). Is ((-24)/(-16))/((-9)/i) a composite number?
False
Suppose -3 = -3*b + 9. Suppose p = -b*c + 1072 + 99, 4*p = 5*c - 1469. Is c a prime number?
True
Let t(q) = q**3 + 5*q**2 + 3*q - 1. Let z be t(-9). Let y be z/(-10) + (-7)/35. Is 4/(-14) + 7395/y a composite number?
False
Suppose -137475 = -5*s + 5*q, 91878 = 5*s - 4*q - 45599. Is s a composite number?
True
Let r = 190 - 116. Suppose 2*h + 28 = r. Is h a composite number?
False
Suppose 3*h = -p - 538 + 61, -5*h + 2*p - 806 = 0. Let b = h - -273. Suppose -z + b = 48. Is z a prime number?
False
Let w = -128301 - -188060. Is w composite?
True
Let g(z) = 2*z**3 + 3*z**2 - z - 3. Let a be g(-2). Let y be 24606/15 + 2/a. Suppose -4*i - 132 = -y. Is i a prime number?
False
Let x = 26 + -27. Let c be -2 - (x - (-1)/(-1)). Suppose 2*p - 434 - 140 = c. Is p prime?
False
Let w(h) = h**2 - 15*h - 15. Is w(25) composite?
True
Is (-45459)/(-12) + (-5)/20 + 5 a composite number?
False
Let s = -45420 + 95831. Is s a composite number?
False
Let z = 109323 - 72089. Is z a composite number?
True
Let c = 2 + -3. Let r be 2 + c - (-1 - 2). Suppose 64 = 4*x - r*z, -z + 20 = -5*z. Is x composite?
False
Let x(w) = -21*w. Let h be x(-1). Let l = 69 - h. Suppose -y + 46 + l = 0. Is y a prime number?
False
Let j be (-3)/(-12) + (-21)/(-12). Let v = 2 + j. Suppose 18 = 2*x - v*z - 0*z, z + 33 = 2*x. Is x prime?
True
Let t = -49 + 52. Let q(j) = 139*j - 16. Is q(t) a prime number?
True
Let r(n) = 5*n**2 + 5*n + 43. Is r(19) prime?
False
Suppose 5*p - 9 = -2*t, 2*p + 15 = 5*t + 7*p. Is (4/t + -1)/(20/37340) composite?
False
Let g = -11 + 13. Suppose 2*q + 3*i - 8*i - 729 = 0, -732 = -g*q + 2*i. Is q a composite number?
False
Let d = 74 - 155. Let f = 332 + d. Is f a prime number?
True
Is 735202/65 + (-1 - 6/(-5)) a composite number?
False
Suppose -1 + 7 = 3*s. Suppose 0 = 3*a - 5*p - 11, 0*a + p = s*a - 5. Suppose 85 = a*i - 97. Is i a composite number?
True
Suppose -11 = 4*n - 27. Suppose 2*f - 1119 = -c, -13*f = -n*c - 10*f + 4432. Is c prime?
False
Let g(l) = l**3 + l**2 - 15*l - 22. Let q be g(9). Let b = 2500 - q. Is b a prime number?
True
Is 1*(1 - (-1842 + -4)) a prime number?
True
Let z be ((-1)/(2/(-6)))/((-135)/(-194310)). Suppose 0 = g - 3*f - 1426, 2*f - f = 3*g - z. Is g composite?
True
Suppose -1 = 3*m + 17. Let l(f) = 5*f + 2*f**2 + 3*f**2 + 0 + 1 + 4*f. Is l(m) a prime number?
True
Let w(o) = o**2 + 6*o - 1. Let q be w(-5). Let v = 11 + q. Suppose 3*t + 248 = a, -3*a + 227 = v*t - 531. Is a a prime number?
True
Suppose -s - 520 = -53. Let v = s + 1866. Is v a composite number?
False
Let m(q) = -q**2 - 19*q - 32. Let s be m(-17). Suppose 5*d - 3280 = -0*d - 3*g, -5*g = s*d - 1331. Is d a prime number?
True
Suppose -1994 = -2*t + 2*i, 0 = 7*i - 6*i + 4. Let p = 1514 - t. Is p prime?
True
Suppose 100 - 364 = -4*n. Let g = 109 - n. Is g a prime number?
True
Suppose 0 = 6*k + 3 + 3. Is ((-3 + 2)*743)/k a prime number?
True
Suppose 0 = 2*z - 7*z + 4170. Suppose -5*k = -x - z, 5*k + 5*x - 673 = k. Suppose 84 = r - k. Is r a prime number?
True
Let d = 1396 + -56. Let q = 22 + -16. Suppose q*c - d = 2*c. Is c a composite number?
True
Let x = 9 + -5. Let b(u) = u**2 - 5*u + 4. Let i be b(x). Suppose i*m = -k - 4*m + 27, 0 = 4*k - 4*m - 48. Is k a prime number?
False
Suppose y - 6*y - 25 = 0, 125480 = 2*c - 2*y. Is c a prime number?
False
Let v = -7 + 22. Suppose -c + 2*c + v = 4*r, 2*r = 5*c - 15. Suppose 838 = c*z - 937. Is z a composite number?
True
Suppose 5*p - j - 11 = 0, -4*p - 3*j = -0*p - 5. Let w = p + 2. Let q = 17 + w. Is q composite?
True
Suppose -31 = -5*n + 24. Suppose -4*d = 3*b - n, -10 = 2*d - 5*b - 35. Suppose 3*p - 293 = 4*v, -d*p + v + 507 = -v. Is p composite?
False
Let t(b) = b**2 + 4*b - 4. Let s be t(-6). Suppose s*k + 673 = 5*k + h, -884 = 4*k + 2*h. Is -2*(-3)/((-6)/k) a prime number?
True
Let d(s) = 496*s + 375. Is d(19) a composite number?
True
Suppose -186 = 2*p - 32. Let a = p - 85. Let c = 659 + a. Is c composite?
True
Is -65*-13*3/15 a composite number?
True
Let f = -23 - -28. Suppose 2785 = f*n - 2100. Is n prime?
True
Let t be 132/(-21) - 12/(-42). Let m(r) = 3*r**2 + 7*r + 11. Is m(t) prime?
False
Let z be (-1250)/22 + 2/(-11). Let m = z - -124. Is m prime?
True
Let d be (-2)/(-3)*(-105)/(-10). Is d*79*(-1 - -2) a composite number?
True
Is 186/(-4)*15280/(-120) a prime number?
False
Suppose 18*d + 69284 = 326342. Is d composite?
False
Let q(z) = z**3 - 8*z**2 - 7*z - 6. Let r be (2 + -4)/(6/(-27)). Let g be q(r). Is 188 - (-1)/(4/g) prime?
True
Suppose 3*u - 16329 = -4*i, -2*u - 20420 = -5*i + 3*u. Is i prime?
False
Let g(z) = -z**2 + 16*z - 5. Let n = 17 - 14. Let w = 5 + n. Is g(w) prime?
True
Is (5167/(-4))/(12/(-48)) a prime number?
True
Let p = 1608 + -837. Suppose -142 = u - p. Is u prime?
False
Let g = 1826 + -135. Is g a prime number?
False
Let j = 15 + -14. Let k be j + -79 + -3 + 0. Let i = k - -244. Is i a prime number?
True
Is (-1942)/((-19)/((-399)/(-14))) a composite number?
True
Let v(p) = 75*p**2 - 103*p - 63. Is v(-28) a composite number?
True
Let g(h) = -h**3 - 20*h**2 + 28*h + 59. Is g(-22) a prime number?
False
Let k(t) = 15*t**2 + 5*t + 738*t**3 + 7 - 1477*t**3 + 738*t**3. Let a(v) = 16*v**2 + v. Let z be a(-1). Is k(z) a prime number?
False
Let v be 2*(9/(-3) - -4). Suppose -3*w + v*w = -161. Is w a prime number?
False
Let c(j) = -j**3 + 10*j**2 + 10*j + 11. Let z be c(11). Suppose -8 = 4*a, 3*a - a - 2216 = -3*f. Suppose 4*k - f = -z*k. Is k a composite number?
True
Suppose -4*y - f + 16806 = 0, -3*y - 15*f + 12609 = -12*f. Is y prime?
True
Suppose 5*g - g + 16 = 0. Let x be 2*g/24*0. Let m = x + 10. Is m a composite number?
True
Let d = 273 - -329. Let k = 898 - d. Let v = -93 + k. Is v a composite number?
True
Let i = -93511 + 158678. Is i a composite number?
False
Suppose 84 = -2*i - 2*i + 4*f, i + 33 = -3*f. Let r = 50 - i. Is r prime?
False
Suppose b + 3*b = 24. Suppose o + 10 = b*o. Suppose -o*h - 706 = -4*h. Is h com